+ 3*j + 58 = 0. What is the remainder when 64 is divided by p?
13
Suppose -4*i = 5*u - 293, -283 = i - 5*i - 3*u. Calculate the remainder when i is divided by 36.
31
Let g(h) = -3*h**3 - h**2 + 5*h + 3. Let x be g(-2). Suppose 3*c - x - 8 = 0. Calculate the remainder when c is divided by 4.
3
Let p = 2 - 0. Suppose 5*a + 52 - 15 = -p*y, -a = -1. Calculate the remainder when 25 is divided by (-280)/y - 1/3.
12
Let y = 30 - 50. Let h = 57 + y. What is the remainder when h is divided by 13?
11
Let u = 50 - -29. Calculate the remainder when u is divided by 29.
21
Let u be (17/2)/(2/8). Suppose 0 = -7*l + 5*l + u. What is the remainder when 67 is divided by l?
16
Calculate the remainder when 266 is divided by 1/((-5)/20) + 96.
82
Let v(d) = -2*d**3 - 5*d**2 - 2*d - 34. Calculate the remainder when v(-5) is divided by 15.
11
Let m = 29 + -30. Let x(c) = -5*c - 1. Let l be x(m). Suppose -3*b = l*h - 75, b + 2*b = -h + 21. What is the remainder when 69 is divided by h?
15
Let h = -655 - -730. Calculate the remainder when 291 is divided by h.
66
Let d be 30*(2 + 12/(-9)). Let l = d - 21. Calculate the remainder when 1 + (36*3 - l) is divided by 28.
26
Let z(x) = 6*x. What is the remainder when z(5) is divided by 7?
2
What is the remainder when (72/20)/((-18)/(-120)) is divided by 10?
4
Suppose 2477*h - 2479*h = -262. Calculate the remainder when h is divided by 72.
59
Suppose 0 = q - 5 - 5. Let b(p) = 2*p**2 - p - 28. Calculate the remainder when b(5) is divided by q.
7
Suppose 116 + 13600 = 18*l. What is the remainder when l is divided by 51?
48
Let c(n) = n**3 - 10*n**2 + 10*n - 6. Let f be c(9). Suppose -5*g + 21 = -3*d, g = -0*g + f*d - 3. What is the remainder when 11 is divided by g?
5
Let k(d) = -d**3 - 8*d**2 + 2*d + 7. Suppose -o = -2*o - 8. Let y be k(o). Let v = y + 32. What is the remainder when v is divided by 4?
3
Suppose 12 = 2*b - 4*z, -3*b = 3*z - 1 - 8. Suppose -27 = -b*c + 3*q, 5*c - 5*q - 16 = 14. Calculate the remainder when 22 is divided by c.
4
Let n(h) = 8*h**2 - 286*h - 6. What is the remainder when n(36) is divided by 40?
26
Suppose 2*p - 3*r + 8*r - 24 = 0, -3*p + 49 = r. Suppose -3*m = -2*m - 3. Let k = m - -3. What is the remainder when p is divided by k?
5
Suppose 5*i = -2*q + 85, -9*q + 8*q - 24 = -i. Let s(w) = 15*w**2 + 2*w - 1. What is the remainder when s(-2) is divided by i?
17
Let o(j) = 3*j**2 - 40*j + 212. What is the remainder when 416 is divided by o(8)?
80
Suppose -6*y = 8*y - 5250. Calculate the remainder when y is divided by 18.
15
Let m = 704 + -480. Suppose -79 + m = 5*y. Let r = y - 23. Calculate the remainder when 28 is divided by r.
4
Let i(l) = l**3 - 4*l**2 + 9*l - 9. Calculate the remainder when 41 is divided by i(3).
5
Suppose -j = y - 2 - 18, 5*y - 12 = -j. What is the remainder when j is divided by 4/(-10) + 134/10?
9
Suppose -29*q = -9*q - 1060. Calculate the remainder when 155 is divided by q.
49
Let r(n) = 2*n**2 - 4*n - 2. Let q(l) = l**2 - l. Let f(u) = -q(u) + r(u). What is the remainder when f(5) is divided by ((-140)/420)/((-2)/36*2)?
2
Suppose 16*f - 11*f = 0, f + 12225 = 3*m. What is the remainder when m is divided by 27?
25
Let j(l) = -580*l - 35. Calculate the remainder when j(-1) is divided by 21.
20
Suppose 2*x = -4*g + 16, -g + 20 = -5*x + 4*g. Suppose 0*d - 6*d + 120 = x. Calculate the remainder when 77 is divided by d.
17
Suppose -3*r - 20 = -r. Let w be (r/10)/(2/(-44)). Suppose 20 = 2*m - w. What is the remainder when m is divided by 11?
10
Let v = 41 + -31. Suppose 5*p = -z + 487, -z + 198 = 2*p + z. Calculate the remainder when p is divided by v.
7
Let y(x) = x**2 + x + 30. Let s = -6 - -6. Calculate the remainder when y(s) is divided by 368/26 + -3 + (-10)/65.
8
Let p be 1/(-16)*-8 - (-10)/(-4). Let i(w) = -48*w + 1. Let l(y) = -y. Let v(d) = i(d) - 2*l(d). What is the remainder when v(p) is divided by 16?
13
Suppose 4*k = 2*v, 6*v - v - 15 = 5*k. Suppose v*q - 15 = q. What is the remainder when (-9)/15 - ((-9)/15 + -3) is divided by q?
0
Let s = 130 - 53. What is the remainder when 536 is divided by s?
74
Suppose -7*a = -5*a - 6. Let v(c) = 2*c - 9. Let d be v(7). Suppose -d*p - 5*u + 15 = 0, -a*u - 5 = -5*p + 2. Calculate the remainder when 5 is divided by p.
1
Suppose 12*m = -23*m + 4270. What is the remainder when 263 is divided by m?
19
Let y be (-2)/4 - 135/(-6). Suppose 0*c + 11*c - y = 0. Calculate the remainder when 4 is divided by c.
0
What is the remainder when 249 is divided by (20/(-30))/((-1)/33)?
7
Suppose 168 = -4*a + 272. Calculate the remainder when a is divided by (10/(-4))/5*-30.
11
Let n be 1/(-3) - 8/(-6). Calculate the remainder when 10 is divided by n/((-4)/8) - -5.
1
Suppose -b - 7 = -2*j - j, 0 = 3*b + 3*j + 45. Let v = 96 + b. What is the remainder when v is divided by 17?
15
Suppose 5*h - 30 = 5. Let i be ((-10)/3)/((-4)/(-6)). Let t(f) = -f**2 - 9*f - 9. Calculate the remainder when t(i) is divided by h.
4
What is the remainder when ((-103)/(-2) + 0/9)*2 is divided by 53?
50
Suppose 10*o = 15*o + 2*p - 668, -4*o - 2*p + 536 = 0. Calculate the remainder when o is divided by 15.
12
Let s be (5/((-10)/(-4)))/2. Let g(o) = -21*o - 5. Let l(m) = -m - 1. Let x(a) = -g(a) + 4*l(a). Calculate the remainder when 33 is divided by x(s).
15
Let w(h) be the second derivative of 3*h - 8/3*h**3 + 0 + 1/2*h**2. What is the remainder when 50 is divided by w(-1)?
16
Let r = -2 + 5. Suppose 2 = r*j - 2*w, 4*w = 7 + 13. Suppose 5*y + 13 = 3*m, m - j*m - 4*y = -49. Calculate the remainder when 42 is divided by m.
9
Let r = -286 - -290. Let v = -156 + 408. Suppose -r*d = -d - v. What is the remainder when d is divided by 29?
26
Suppose 33 = 2*h - 11. Let q = -61 + 125. What is the remainder when q is divided by h?
20
Calculate the remainder when 8 is divided by -4*1/20 + 72/10.
1
Suppose -16 + 14 = -v. Calculate the remainder when 6 is divided by v.
0
Suppose -13*r = 107 - 1498. What is the remainder when r is divided by 23?
15
Suppose -2*v - z + 35 = 0, 0 = -v - 3*v - 5*z + 55. Calculate the remainder when 35 - -11*9/99 is divided by v.
16
Suppose -71*h = -57*h - 1890. Calculate the remainder when h is divided by 14.
9
Let f(j) = -2*j**3 - 3*j**2 + 2*j + 3. What is the remainder when 3 is divided by f(-2)?
0
Suppose -55 - 17 = -4*m. Suppose 132 + 157 + 36 = 5*i. What is the remainder when i is divided by m?
11
Let q be (42/4)/(27/(-36)). Let i = 16 + q. Suppose i*b + 17 - 43 = 0. Calculate the remainder when 23 is divided by b.
10
Suppose -27*n + 59 = -26*n. Calculate the remainder when n is divided by 9.
5
Let c = 477 - 234. Calculate the remainder when c is divided by 31.
26
Suppose 8*m - 24 = 4*m + 3*g, m + g = -1. Suppose m*c = -c + 140. What is the remainder when c is divided by 12?
11
Let p = -23 + 21. Let o = p + 26. What is the remainder when 70 is divided by o?
22
Suppose -3*b - 229 = 5*d - 566, -5*b + 3*d = -573. Let u = b + -97. Calculate the remainder when 30 is divided by u.
13
What is the remainder when -1 - -1*134 - (15 + -19) is divided by 79?
58
Let r(o) = -16*o - 3. Let s(h) = 6*h + 1. Let i(z) = -6*r(z) - 17*s(z). Let x(j) = -j - 3. Let b be x(5). What is the remainder when i(b) is divided by 13?
10
Let c be 5 + 672/(6 + -2). Suppose c*f - 380 = 169*f. What is the remainder when f is divided by 33?
29
Suppose -2*z + 3*z = 1. What is the remainder when (45/10)/((-2)/(-12)) is divided by -2 + (z - (0 - 11))?
7
Let p be 15/2*(-6)/9. Let h = 0 - p. Suppose 0 = -2*z + w + 4 + 13, -35 = -h*z + 4*w. What is the remainder when z is divided by 7?
4
Let n be ((-2)/(-10))/((-4)/(-2420)). Suppose -4 = -4*a, -n = -3*w + 3*a + 113. Calculate the remainder when w is divided by 20.
19
Let s be 5/2*(17 - 3). Suppose -3*u - 3*x = -114, x - s = 2*u - 126. Suppose -13*w = 64 - 207. What is the remainder when u is divided by w?
10
Calculate the remainder when 246 is divided by 39 + 12*2/6.
31
Let m = 115 + -115. Suppose 3*p + 4*z + 65 = 303, p + z - 81 = m. Calculate the remainder when p is divided by 22.
20
What is the remainder when 160 is divided by 28/3 + -2*(-4)/(-24)?
7
Let f be 33/(-2)*(-8)/(-3). Let o = 71 + f. Suppose 3*g + 33 = 4*y, 0 = y + 4*y + g - 27. Calculate the remainder when o is divided by y.
3
Suppose 43*l = 40*l + 33. Calculate the remainder whe